[INFO] fetching crate amethyst_core 0.15.3...
[INFO] checking amethyst_core-0.15.3 against try#72f88fc4e9458f89516a0b8b0868f3718aec5b47 for pr-74989
[INFO] extracting crate amethyst_core 0.15.3 into /workspace/builds/worker-7/source
[INFO] validating manifest of crates.io crate amethyst_core 0.15.3 on toolchain 72f88fc4e9458f89516a0b8b0868f3718aec5b47
[INFO] running `Command { std: "/workspace/cargo-home/bin/cargo" "+72f88fc4e9458f89516a0b8b0868f3718aec5b47" "read-manifest" "--manifest-path" "Cargo.toml", kill_on_drop: false }`
[INFO] started tweaking crates.io crate amethyst_core 0.15.3
[INFO] finished tweaking crates.io crate amethyst_core 0.15.3
[INFO] tweaked toml for crates.io crate amethyst_core 0.15.3 written to /workspace/builds/worker-7/source/Cargo.toml
[INFO] running `Command { std: "/workspace/cargo-home/bin/cargo" "+72f88fc4e9458f89516a0b8b0868f3718aec5b47" "generate-lockfile" "--manifest-path" "Cargo.toml" "-Zno-index-update", kill_on_drop: false }`
[INFO] running `Command { std: "/workspace/cargo-home/bin/cargo" "+72f88fc4e9458f89516a0b8b0868f3718aec5b47" "fetch" "--locked" "--manifest-path" "Cargo.toml", kill_on_drop: false }`
[INFO] running `Command { std: "docker" "create" "-v" "/var/lib/crater-agent-workspace/builds/worker-7/target:/opt/rustwide/target:rw,Z" "-v" "/var/lib/crater-agent-workspace/builds/worker-7/source:/opt/rustwide/workdir:ro,Z" "-v" "/var/lib/crater-agent-workspace/cargo-home:/opt/rustwide/cargo-home:ro,Z" "-v" "/var/lib/crater-agent-workspace/rustup-home:/opt/rustwide/rustup-home:ro,Z" "-e" "SOURCE_DIR=/opt/rustwide/workdir" "-e" "CARGO_TARGET_DIR=/opt/rustwide/target" "-e" "CARGO_HOME=/opt/rustwide/cargo-home" "-e" "RUSTUP_HOME=/opt/rustwide/rustup-home" "-w" "/opt/rustwide/workdir" "-m" "1610612736" "--user" "0:0" "--network" "none" "rustops/crates-build-env@sha256:d92eaeed33fa75130ca1ee6c8a01d1ffb62bac859dfdfb3450e3e5d1c0146529" "/opt/rustwide/cargo-home/bin/cargo" "+72f88fc4e9458f89516a0b8b0868f3718aec5b47" "metadata" "--no-deps" "--format-version=1", kill_on_drop: false }`
[INFO] [stdout] 29cf8cbb66900051db3322ed6d966bacd385509a9484fd4d49fe86116b0fb2c0
[INFO] [stderr] WARNING: Your kernel does not support swap limit capabilities or the cgroup is not mounted. Memory limited without swap.
[INFO] running `Command { std: "docker" "start" "-a" "29cf8cbb66900051db3322ed6d966bacd385509a9484fd4d49fe86116b0fb2c0", kill_on_drop: false }`
[INFO] running `Command { std: "docker" "inspect" "29cf8cbb66900051db3322ed6d966bacd385509a9484fd4d49fe86116b0fb2c0", kill_on_drop: false }`
[INFO] running `Command { std: "docker" "rm" "-f" "29cf8cbb66900051db3322ed6d966bacd385509a9484fd4d49fe86116b0fb2c0", kill_on_drop: false }`
[INFO] [stdout] 29cf8cbb66900051db3322ed6d966bacd385509a9484fd4d49fe86116b0fb2c0
[INFO] running `Command { std: "docker" "create" "-v" "/var/lib/crater-agent-workspace/builds/worker-7/target:/opt/rustwide/target:rw,Z" "-v" "/var/lib/crater-agent-workspace/builds/worker-7/source:/opt/rustwide/workdir:ro,Z" "-v" "/var/lib/crater-agent-workspace/cargo-home:/opt/rustwide/cargo-home:ro,Z" "-v" "/var/lib/crater-agent-workspace/rustup-home:/opt/rustwide/rustup-home:ro,Z" "-e" "SOURCE_DIR=/opt/rustwide/workdir" "-e" "CARGO_TARGET_DIR=/opt/rustwide/target" "-e" "CARGO_INCREMENTAL=0" "-e" "RUST_BACKTRACE=full" "-e" "RUSTFLAGS=--cap-lints=forbid" "-e" "CARGO_HOME=/opt/rustwide/cargo-home" "-e" "RUSTUP_HOME=/opt/rustwide/rustup-home" "-w" "/opt/rustwide/workdir" "-m" "1610612736" "--user" "0:0" "--network" "none" "rustops/crates-build-env@sha256:d92eaeed33fa75130ca1ee6c8a01d1ffb62bac859dfdfb3450e3e5d1c0146529" "/opt/rustwide/cargo-home/bin/cargo" "+72f88fc4e9458f89516a0b8b0868f3718aec5b47" "check" "--frozen" "--all" "--all-targets" "--message-format=json", kill_on_drop: false }`
[INFO] [stdout] fc9424e221c168c781f5e076f378ec2e070483b1bcdd986017d6fe02a185eee9
[INFO] [stderr] WARNING: Your kernel does not support swap limit capabilities or the cgroup is not mounted. Memory limited without swap.
[INFO] running `Command { std: "docker" "start" "-a" "fc9424e221c168c781f5e076f378ec2e070483b1bcdd986017d6fe02a185eee9", kill_on_drop: false }`
[INFO] [stderr]    Compiling libc v0.2.77
[INFO] [stderr]    Compiling syn v1.0.40
[INFO] [stderr]    Compiling getrandom v0.1.15
[INFO] [stderr]    Compiling rand_core v0.5.1
[INFO] [stderr]     Checking num_cpus v1.13.0
[INFO] [stderr]     Checking backtrace v0.3.50
[INFO] [stderr]     Checking rayon-core v1.8.0
[INFO] [stderr]    Compiling rand_chacha v0.2.2
[INFO] [stderr]     Checking amethyst_error v0.15.3
[INFO] [stderr]    Compiling rand v0.7.3
[INFO] [stderr]     Checking rayon v1.4.0
[INFO] [stderr]    Compiling quickcheck v0.9.2
[INFO] [stderr]     Checking rand_distr v0.2.2
[INFO] [stderr]    Compiling serde_derive v1.0.116
[INFO] [stderr]    Compiling shred-derive v0.6.2
[INFO] [stderr]    Compiling specs-derive v0.4.1
[INFO] [stderr]    Compiling derive-new v0.5.8
[INFO] [stderr]    Compiling derivative v2.1.1
[INFO] [stderr]    Compiling alga_derive v0.9.2
[INFO] [stderr]    Compiling getset v0.0.9
[INFO] [stderr]     Checking hibitset v0.6.3
[INFO] [stderr]     Checking shred v0.10.2
[INFO] [stderr]     Checking specs v0.16.1
[INFO] [stderr]     Checking specs-hierarchy v0.6.0
[INFO] [stderr]     Checking serde v1.0.116
[INFO] [stderr]     Checking num-complex v0.2.4
[INFO] [stderr]     Checking alga v0.9.3
[INFO] [stderr]     Checking nalgebra v0.19.0
[INFO] [stderr]     Checking amethyst_core v0.15.3 (/opt/rustwide/workdir)
[INFO] [stdout] error[E0433]: failed to resolve: use of undeclared type or module `ron`
[INFO] [stdout]    --> src/transform/components/transform.rs:768:13
[INFO] [stdout]     |
[INFO] [stdout] 768 |             ron::ser::to_string_pretty(&transform, ron::ser::PrettyConfig::default()).unwrap();
[INFO] [stdout]     |             ^^^ use of undeclared type or module `ron`
[INFO] [stdout] 
[INFO] [stdout] 
[INFO] [stdout] error[E0433]: failed to resolve: use of undeclared type or module `ron`
[INFO] [stdout]    --> src/transform/components/transform.rs:768:52
[INFO] [stdout]     |
[INFO] [stdout] 768 |             ron::ser::to_string_pretty(&transform, ron::ser::PrettyConfig::default()).unwrap();
[INFO] [stdout]     |                                                    ^^^ use of undeclared type or module `ron`
[INFO] [stdout] 
[INFO] [stdout] 
[INFO] [stdout] error[E0433]: failed to resolve: use of undeclared type or module `ron`
[INFO] [stdout]    --> src/transform/components/transform.rs:769:37
[INFO] [stdout]     |
[INFO] [stdout] 769 |         let transform2: Transform = ron::de::from_str(&s).unwrap();
[INFO] [stdout]     |                                     ^^^ use of undeclared type or module `ron`
[INFO] [stdout] 
[INFO] [stdout] 
[INFO] [stdout] error[E0433]: failed to resolve: use of undeclared type or module `ron`
[INFO] [stdout]    --> src/transform/components/transform.rs:776:36
[INFO] [stdout]     |
[INFO] [stdout] 776 |         let transform: Transform = ron::de::from_str("()").unwrap();
[INFO] [stdout]     |                                    ^^^ use of undeclared type or module `ron`
[INFO] [stdout] 
[INFO] [stdout] 
[INFO] [stdout] error: aborting due to 4 previous errors
[INFO] [stdout] 
[INFO] [stdout] 
[INFO] [stdout] For more information about this error, try `rustc --explain E0433`.
[INFO] [stdout] 
[INFO] [stderr] error: could not compile `amethyst_core`.
[INFO] [stderr] 
[INFO] [stderr] To learn more, run the command again with --verbose.
[INFO] [stderr] warning: build failed, waiting for other jobs to finish...
[INFO] [stderr] error: build failed
[INFO] running `Command { std: "docker" "inspect" "fc9424e221c168c781f5e076f378ec2e070483b1bcdd986017d6fe02a185eee9", kill_on_drop: false }`
[INFO] running `Command { std: "docker" "rm" "-f" "fc9424e221c168c781f5e076f378ec2e070483b1bcdd986017d6fe02a185eee9", kill_on_drop: false }`
[INFO] [stdout] fc9424e221c168c781f5e076f378ec2e070483b1bcdd986017d6fe02a185eee9
